ose 1349 - 5059 = -10*n. What is the remainder when n is divided by 93?
92
Suppose -74 = -2*a + 2*c, -7*a - 5*c = -2*a - 205. What is the remainder when 24 is divided by (0 + a/9)*3?
11
Suppose -4*m - 59 = 3*f, -4*m = 2*f - 23 + 77. Let h be 2/m - (-114)/22. Suppose -i - 100 = -h*i. Calculate the remainder when i is divided by 14.
11
Suppose -3*j + 91 = h - 68, 417 = 3*h - 3*j. Calculate the remainder when h is divided by 31.
20
Let z(k) = k**2 + 2. Let y be z(-3). Suppose s = y - 2. Suppose -2*f + 12*f = 60. What is the remainder when s is divided by f?
3
Let s = -309 - -444. What is the remainder when s is divided by 34?
33
Let h be (-2)/5 + 4/10. Suppose -a = 4*u - h*a - 9, -3*a = 2*u - 7. Suppose 7 = v + u*r, 2*v + 3*v - 5*r = 80. Calculate the remainder when 37 is divided by v.
11
Let b(p) = -5*p - 3. Let a be b(12). Let j = 67 + a. Calculate the remainder when 83 is divided by j.
3
Calculate the remainder when (-15)/(0 - 3)*4 is divided by (22/(-6))/(1*(-2)/6).
9
Let x be (-260)/39*(1 - (-28)/(-16)). Let k(p) = -p - 10. Let b be k(-7). Let n = x - b. What is the remainder when 23 is divided by n?
7
Suppose 90 = 3*t - 3. Suppose 3*u - t = 302. Calculate the remainder when u is divided by 39.
33
Suppose 2*m + 10 = 3*m. Suppose -5*d + 3*k = -4*d + 2, 0 = -4*d + 2*k - 8. Let f = 1 - d. Calculate the remainder when m is divided by f.
1
Let a = -13 + 24. Let w(q) = q + 2. Let n be w(-2). What is the remainder when (n + 0 - 15)*-2 is divided by a?
8
Suppose 38*b - 53*b = -21*b + 396. Let r = -63 - -90. Calculate the remainder when b is divided by 418/18 - 6/r.
20
Let r be (44/12)/(2/6). Suppose -7*s - 16 = -r*s. What is the remainder when 6 is divided by s?
2
Let k(j) = -j**2 + 17*j - 62. What is the remainder when 57 is divided by k(7)?
1
Let w = 11 + -8. What is the remainder when 7*w/9*3 is divided by 2?
1
Let l(p) = -p + 118. Calculate the remainder when l(9) is divided by 14.
11
Suppose 6*t = -164 + 1982. What is the remainder when t is divided by 16?
15
Let p = -35 + 22. Suppose -77*u + 300 = -62*u. Let k = u + p. Calculate the remainder when k is divided by 5.
2
Let a = 39 + -8. Let x = a - 9. Suppose u - 61 = 2. What is the remainder when u is divided by x?
19
Let h be (40 + (3 - 3))*-2. Let r = 98 + h. What is the remainder when 49 is divided by r?
13
Let b(j) = -j + 1. Let c be b(2). Let f(g) = -3*g**3. Let t be f(c). Suppose -t*x + 16 = -x. What is the remainder when x is divided by 3?
2
Let k(h) = 69*h**2 - 6*h + 1. Calculate the remainder when k(-1) is divided by 2*-3*10/(-3).
16
What is the remainder when 21 is divided by 3 + (-4 - 0 - -4)?
0
Suppose -3*a + 54 = 4*g - 120, -58 = -a + 5*g. Calculate the remainder when a is divided by 19.
1
Let k be 0/(-2 - 2) - -8. What is the remainder when 33 is divided by 15/20*(k - 0)?
3
Let r(g) = g**2 - 7*g - 21. Let b be r(12). Suppose -3*l + 52 = -5*a, 3*l - l = -a + b. Calculate the remainder when l is divided by 7.
5
Suppose 3*f - 21 = 12. Let g be (-133 - (2 + 1))/(-2). Let d = -27 + g. Calculate the remainder when d is divided by f.
8
Let d = -5 + 3. Let i = d + 4. Suppose 4*w + 3*s - 180 = 0, i*w - 9*s = -4*s + 64. Calculate the remainder when w is divided by 11.
9
Let y(j) = -3*j**2 - 11*j + 69. What is the remainder when 155 is divided by y(-5)?
8
Let w(m) = m**3 + 7*m**2 - 4*m + 36. Suppose c - 8 - 13 = -2*d, -5*c = 2*d - 73. What is the remainder when c is divided by w(-8)?
1
Suppose -q + 0*q = 2*p + 17, 0 = -p - 4*q - 26. Let y = p - -15. Suppose 0*f = 2*f - 30. Calculate the remainder when f is divided by y.
6
Suppose -9*n + 2*n = -728. Suppose -5*b + 5*y - y + n = 0, -105 = -5*b + 5*y. Calculate the remainder when 77 is divided by b.
17
Let d(g) = g**3 - 2*g**2 - 1. Let p be (-9)/6 - 27/6. What is the remainder when (-1 + 19)*(-10)/p is divided by d(3)?
6
Suppose -144 + 9988 = 107*k. What is the remainder when 735 is divided by k?
91
Let o(h) be the third derivative of -h**6/120 + h**5/6 - h**4/12 - 11*h**3/6 + 8*h**2. Calculate the remainder when o(7) is divided by 31.
29
Let m(l) = -l**3 - 12*l**2 - l + 15. Calculate the remainder when ((-3)/6)/(1/(-106)) is divided by m(-12).
26
Suppose 23*g - 163 = 481. Calculate the remainder when 51 is divided by g.
23
Let y = -120 - 3. Let d = y - -181. Let z = -5 - -17. What is the remainder when d is divided by z?
10
Suppose 65 = 6*i + 35. What is the remainder when 447 is divided by i?
2
Suppose 5*h = -4*o - 43, 5*o + 2*h + 63 = 5*h. Suppose 5*s = -20, -2*f + 3*s - 28 = 6*s. Calculate the remainder when 1*9/o*f is divided by 2.
0
Suppose 5*f - 1190 = -5*u, u = -4*f + 52 + 894. Calculate the remainder when f is divided by 79.
78
Let z = 9 - 9. Suppose 3*n + 5*q + 5 = z, 2*n = 3*n - q + 7. What is the remainder when 45 is divided by 12/(n - -3 - -3)?
9
Let f be 18*(1 + (2/(-4))/1). Suppose 0*o - 36 = -f*o. What is the remainder when 9 is divided by o?
1
Suppose w = 40 + 129. What is the remainder when w is divided by 26?
13
Calculate the remainder when (-5 + 1)*-235 - (-44)/22 is divided by 59.
57
Let o(q) = -82*q + 200. Calculate the remainder when 179 is divided by o(2).
35
Let k = 104 - 95. Calculate the remainder when 177 is divided by k.
6
Let u(s) = s**2 + 9*s + 15. Suppose 0 = 5*z + 20, 0*r + z - 8 = 2*r. Let c be u(r). What is the remainder when 6*c/(-1 - 2) is divided by 3?
0
Calculate the remainder when 94 is divided by 25/(-10)*(-16)/10.
2
Suppose 5*u + 7*h = 3*h + 292, 112 = 2*u + 4*h. Let r = u - 38. What is the remainder when 81 is divided by r?
15
Suppose 14 - 2 = 3*m. Let n(z) = -z**3 + 3*z**2 + 5*z - 4. Let h be n(m). Let y = h + 13. Calculate the remainder when 38 is divided by y.
12
Let r = 12 - 7. Let p(k) = -3*k - 11. Let h be p(5). Let z = h - -39. Calculate the remainder when z is divided by r.
3
Suppose 1900 = 24*y + 14*y. Suppose -2*s + 6 = 0, 4*g - 2 = -g + s. Suppose 2*k = 27 - g. What is the remainder when y is divided by k?
11
Let k(n) = 118*n - 77. Suppose -2*i = -i - 21. Calculate the remainder when k(1) is divided by i.
20
Let g = 39 + -47. Calculate the remainder when 48 is divided by (56/(-3))/g*3.
6
Let m(t) = -t**2 + 24*t - 22. Suppose -2*j - 2*j = -60. Calculate the remainder when m(20) is divided by j.
13
Suppose 70 = 15*x - 215. What is the remainder when 92 is divided by x?
16
Suppose -2*t - 6 = 4*t. Let f be (-7)/(-7)*(-1 - t). Let z = 15 - f. Calculate the remainder when 28 is divided by z.
13
Let q(m) = 4*m**2 - 2*m - 5 - 13 - m**2. What is the remainder when 27 is divided by q(-3)?
12
Let i(s) = s**2 + 32. Let j be i(6). What is the remainder when ((-2 - -1) + 18/12)*j is divided by 19?
15
Let q = 1164 - 1147. What is the remainder when q is divided by 62/6 - (-2)/3?
6
Let t(k) be the first derivative of k**4 - k**3 + k**2/2 + 4*k - 3. What is the remainder when t(2) is divided by 4?
2
Suppose 2*l + 2*a + 32 = 4*l, 5*l = -4*a + 71. Suppose -3*i + l + 42 = 0. Calculate the remainder when 55 is divided by i.
17
Suppose -16*t = -50*t + 6902. What is the remainder when t is divided by 69?
65
Calculate the remainder when (-4 - (70 + 9))*1*-1 is divided by 18.
11
Let m(q) = -q**2 + 7*q + 3. Let z be m(7). Suppose n - z*n = -10. Calculate the remainder when 33 is divided by n.
3
Let u(v) = 4*v + 45. Let t be u(-9). Let x = 4 + 16. What is the remainder when ((-66)/t)/(6/(-63)) is divided by x?
17
Let f(v) be the third derivative of v**4/12 + 11*v**3/6 + 15*v**2. Suppose q = -5, 3*g - 2*g - 3 = -q. What is the remainder when f(g) is divided by 14?
13
Suppose -d = 2*d - 93. Let o = -16 + 5. Let u(g) = g**3 + 12*g**2 + 11*g + 11. Calculate the remainder when d is divided by u(o).
9
Let b(a) = a + 1. Let s(d) = 45*d + 27. Let z(p) = 36*b(p) - s(p). What is the remainder when z(-5) is divided by 29?
25
Let f(g) be the third derivative of g**5/60 - g**4/8 + 2*g**3/3 - 13*g**2. What is the remainder when f(-8) is divided by 19?
16
Let o = -49 + 59. What is the remainder when 21 is divided by o?
1
Let c be (10 - 9)*(-5 + 1). Let z be (-15)/10*(c + 0). What is the remainder when 15 is divided by 42/4 + z/(-4)?
6
Let m(z) = z**3 - 9*z**2 + 2*z - 5. Let w be m(9). Let p = 29 - w. What is the remainder when 79 is divided by p?
15
Let n(v) = 2*v**2 - 3*v + 4. Let c be n(2). Suppose -c*z = -12*z + 108. What is